alculate the remainder when 66 is divided by (-2)/((-6)/63) + x.
20
Let v(d) be the first derivative of -d**3/3 - 6*d**2 - 9*d - 1. What is the remainder when (-2)/7 + (-44)/(-7) is divided by v(-11)?
0
Suppose -25 = -5*c - 5*u, -2*u = -3*c + 25 + 5. What is the remainder when (-832)/(-39) - ((-2)/3)/1 is divided by c?
6
Let f(a) = -a**2 - 16*a + 12. What is the remainder when 45 is divided by f(-16)?
9
Let f = 68 - -25. What is the remainder when f is divided by 33?
27
Let g(w) = 21*w**2 - w - 1. Calculate the remainder when g(-1) is divided by (-2 + 2)/(-1) + 1 + 5.
3
Suppose z = 26 - 7. What is the remainder when 71 is divided by z?
14
Suppose -150 = -4*f - 14. Let m = f + -24. What is the remainder when m is divided by 4?
2
Let g = -3 + 4. Suppose 5*n = -i + 38, 2*i = 5*n - 0 + g. Calculate the remainder when i is divided by 5.
3
Calculate the remainder when 87 is divided by (-1037)/(-34) + 1/2*-1.
27
Let i be 2/8 - (-93)/12. Suppose i = 2*g - 5*x - 6, 3*x = 3*g - 21. Calculate the remainder when 18 is divided by g.
4
Suppose -4*k - 82 = -5*x, -2*x = -x + k - 11. Suppose -7 = -i - h, h + 4 = 3*h. Calculate the remainder when x is divided by i.
4
Suppose -605 = 18*s - 2855. Calculate the remainder when s is divided by 33.
26
What is the remainder when 86 is divided by ((-20)/25)/((-2)/25)?
6
Let i = -229 - -341. Calculate the remainder when i is divided by 23.
20
Suppose -5*t + 5*l + 260 = 0, -4*t - 54 = -5*t - l. Calculate the remainder when t is divided by 14.
11
Suppose 3*j - 1 = 5. Suppose 0 = j*t + 4*o - 32, 4*t + t = 4*o + 94. What is the remainder when 52 is divided by t?
16
Let v be (1*-1)/((-2)/10). Suppose 3*l + 16 = -4*s + 114, v*s - 4*l - 107 = 0. Calculate the remainder when s is divided by 13.
10
Suppose 3*d - 16 = 5*u, 2*u = -0*u + 8. Suppose -4*g + d = -4*s, -5*s = 3*g + g - 12. Suppose 5*c = -s*c + 50. Calculate the remainder when 17 is divided by c.
7
Let i = 7 + -1. Let o(m) = -m**2 + 7*m. Calculate the remainder when 5 + (-4 - -1) - -15 is divided by o(i).
5
Calculate the remainder when 4*(1734/24 + -5) is divided by 30.
29
Let t = 11 + -11. Suppose -12 = -q - t. What is the remainder when 34 is divided by q?
10
Let z(n) = 2*n**2 - 41*n + 36. What is the remainder when 42 is divided by z(20)?
10
Suppose -4*q + 8 = 0, 4*l - 4*q = -47 - 21. Let j = -12 - l. What is the remainder when j is divided by 3?
0
Let r(d) = -2*d**2 - 27*d - 5. Let a(s) = -s**2 - 18*s - 3. Let o(p) = 8*a(p) - 5*r(p). What is the remainder when o(6) is divided by 7?
5
Let a = 12 + -4. Let n(i) = 3*i**2 - 1. Let l be n(1). Suppose -l*m - 44 = -4*m. Calculate the remainder when m is divided by a.
6
Suppose 0 = 3*x + 4*u - 4 + 1, -2 = -2*x + u. Let t(d) = -d**3 - d**2 + 3*d. What is the remainder when x*-1*(-23 - -7) is divided by t(-3)?
7
Let h be (12/14)/((-8)/(-392)). Let u = h + -22. Calculate the remainder when u is divided by 7.
6
Suppose -n + 21 + 5 = -4*m, 4*m = 2*n - 56. What is the remainder when n is divided by 8?
6
Suppose -4*b = -50 - 2. Suppose -3*a = -6*a + 111. Calculate the remainder when a is divided by b.
11
Let y = 2054 + -3494. Let w be 4/6 - y/27. Let x = w - 29. Calculate the remainder when x is divided by 9.
7
Let k(d) be the second derivative of -d**4/12 + 3*d**3/2 - 3*d**2/2 - 4*d. What is the remainder when 13 is divided by k(8)?
3
Let c be (1 - -42)/(5/15). Suppose 0*r + c = 3*h + 2*r, 0 = 4*r. Calculate the remainder when h is divided by 15.
13
Let u(z) = 4*z - 2. Let d be u(9). Suppose 2*b - 1 = 5*n - 45, -d = -3*n + 5*b. What is the remainder when 20 + 1/1 - -1 is divided by n?
6
Suppose 5*c + 3*y - 19 = 0, 3*c + c + 2*y = 14. Suppose 35 = 3*m + c*m. Let n = 19 - 7. Calculate the remainder when n is divided by m.
5
Let f(s) = 8*s**2 - s + 3. Calculate the remainder when 96 is divided by f(2).
30
Let q = -12 - -61. Calculate the remainder when 193 is divided by q.
46
Let y(j) = 2*j**3 - j. Let s be y(-1). Calculate the remainder when 58 is divided by ((-6)/(-8))/(s/(-20)).
13
Let t(q) = -11*q - 34. Calculate the remainder when t(-10) is divided by 40.
36
Let a(c) be the second derivative of -3*c**2 + 0 - 4/3*c**3 - 1/12*c**4 - c. Calculate the remainder when 26 is divided by a(-5).
8
Let m(c) = -2*c + 9*c - 1 - 3*c. Let v(n) = n**2 - n + 6. What is the remainder when m(3) is divided by v(0)?
5
Suppose 3*y + 1 = 2*y. What is the remainder when (4 - (14 + 3))*y is divided by 6?
1
Suppose 4*r - 8*r + 36 = 0. Calculate the remainder when r is divided by (10 + -4)*2/3.
1
Suppose -4*d = 3*n - 182, -8*d + 190 = -4*d - n. Calculate the remainder when (3 - 3/3) + d is divided by 17.
15
Let b(r) = r**3 + r**2 - 3*r. Let m be b(-3). Let j(l) = l**3 + 10*l**2 + 9*l + 9. What is the remainder when 17 is divided by j(m)?
8
Let r = 3 - -4. Suppose 0 = -4*l + 6 + 10. Calculate the remainder when l is divided by 6/(-21) - (-16)/r.
0
What is the remainder when (-614)/(-5) - 10/(-50) is divided by 31?
30
Let k(c) = 3*c**2 + 3*c - 1. Let w be k(-4). Suppose w + 7 = 2*b. Suppose 0 = -3*u + 32 + 1. Calculate the remainder when b is divided by u.
10
Suppose 4*x - 24 = 16. Let o(h) = h**2 - 5*h - 7. Let m be o(6). Calculate the remainder when x is divided by m/((-2)/(-4)) + 8.
4
Let k(f) = -f**2 + 2*f + 3. Let q = 4 - -1. Let x be k(q). Let i = x + 23. What is the remainder when i is divided by 4?
3
Let o = 4 + -1. Suppose 0 = 5*r - 2*r - 57. Calculate the remainder when 4/(o - (-26)/(-9)) is divided by r.
17
Suppose 3*q + 5*z = -0*q + 51, 4*z = 4*q - 68. Let h = 33 - q. What is the remainder when 30 is divided by h?
14
Calculate the remainder when 13 is divided by 14/2*2/2.
6
Suppose -y = -16 - 39. Suppose -83 = -3*m + y. Suppose -5*r + 134 = -5*s + 34, 3*s + 76 = 4*r. What is the remainder when m is divided by r?
14
Let b(g) = -g**3 - g**2 + 43. What is the remainder when b(0) is divided by 11?
10
Let p(q) = -60*q + 2. Calculate the remainder when p(-1) is divided by 7.
6
Suppose 0 = 2*o - 41 + 1. What is the remainder when ((-18)/10 + 1)/(10/(-725)) is divided by o?
18
Let x be (19/2)/((-2)/4). Let w(n) = 3*n**2 - 7*n + 1. Let d be w(5). Let t = x + d. What is the remainder when t is divided by 8?
6
Suppose 3*t - 75 = -5*i + 2*i, 0 = -2*t + 3*i + 75. What is the remainder when 59 is divided by t?
29
Let s = -265 + 276. Suppose 11 = 5*f - 2*l, f - 9 - 2 = -4*l. Calculate the remainder when s is divided by f.
2
Let g = -41 - -75. Suppose -3*k = -3*l + 33, l = -l - k + g. What is the remainder when 29 is divided by l?
14
Let i(l) = l**2 - 20*l + 34. Calculate the remainder when 42 is divided by i(19).
12
Suppose -2*l - 3*l + 60 = 0. What is the remainder when 21 is divided by l?
9
Let n(i) = -i**3 - i**2 - 2*i - 1. Let v be n(-1). Let z(h) = 84*h**3. Let y be z(v). Suppose 4*g = -16 + y. What is the remainder when 50 is divided by g?
16
Let z(p) = p**3 + 6*p**2 - 7*p + 7. What is the remainder when 11 is divided by z(-7)?
4
Suppose -3*b - 84 = -690. What is the remainder when b is divided by 29?
28
Suppose -3*x + 256 = 13*x. Calculate the remainder when 47 is divided by x.
15
Suppose -4*n + 2*k = -3*n - 28, k = 4*n - 126. Let o = 9 - 3. Suppose -2*h - n = -5*u, -u + 5*h - 25 = -o*u. Calculate the remainder when u is divided by 4.
2
What is the remainder when 49 is divided by -4 + 13 - (-16)/(-4)?
4
Let m = 15 + -5. Let t(g) = g. Let w be t(6). Suppose -5*r + w = -14. What is the remainder when m is divided by r?
2
Let i(w) be the first derivative of 4*w**3/3 + 3*w**2/2 - w - 2. What is the remainder when i(-3) is divided by 9?
8
Suppose 4 = 2*q - 36. What is the remainder when q is divided by 50/7 + (14/(-98) - 0)?
6
Suppose 3*i - 3*p - 39 = 0, -6*i + 47 = -i + 4*p. What is the remainder when (-5)/(15/(-6)) - -30 is divided by i?
10
Let w = 8 + -6. Calculate the remainder when 6*1*3/w is divided by 3.
0
Let r(w) = 2*w**2 + 3. Let j(g) = 5*g - 3*g - 2 - 3*g. Let x be j(-5). Calculate the remainder when 41 is divided by r(x).
20
Let k = 57 + -45. What is the remainder when 21 is divided by k?
9
Suppose 5*w + 15 = 0, 3*f - 30 = -0*w - 3*w. Let o(x) = -20*x - 3. Let z be (-1 - 1/(-3))*3. What is the remainder when o(z) is divided by f?
11
Let n(b) = -11*b - 3. Let v(o) = -o**3 - 4*o**2 + o + 1. Let h be v(-4). Let w = 49 - 33. What is the remaind